n millions digit of 23585516?
2
What is the thousands digit of 222132?
2
What is the thousands digit of 8441218?
1
What is the tens digit of 11266858?
5
What is the thousands digit of 2928507?
8
What is the millions digit of 4488277?
4
What is the hundreds digit of 353671?
6
What is the tens digit of 839964?
6
What is the thousands digit of 756293?
6
What is the units digit of 564228?
8
What is the millions digit of 4792258?
4
What is the hundred thousands digit of 15342861?
3
What is the hundreds digit of 169534?
5
What is the units digit of 210295?
5
What is the units digit of 5803166?
6
What is the tens digit of 3822723?
2
What is the units digit of 1012640?
0
What is the tens digit of 132643?
4
What is the tens digit of 22805864?
6
What is the tens digit of 711390?
9
What is the hundreds digit of 22884520?
5
What is the ten thousands digit of 1031786?
3
What is the thousands digit of 4733408?
3
What is the thousands digit of 5151814?
1
What is the thousands digit of 804768?
4
What is the tens digit of 891750?
5
What is the hundreds digit of 4690383?
3
What is the millions digit of 13341674?
3
What is the hundreds digit of 3113557?
5
What is the ten thousands digit of 1441729?
4
What is the units digit of 1556160?
0
What is the thousands digit of 1487596?
7
What is the ten millions digit of 14249466?
1
What is the thousands digit of 711232?
1
What is the tens digit of 4286268?
6
What is the units digit of 182084?
4
What is the ten thousands digit of 10955325?
5
What is the thousands digit of 121153?
1
What is the tens digit of 125452?
5
What is the hundred thousands digit of 2268972?
2
What is the ten millions digit of 30985772?
3
What is the tens digit of 2762525?
2
What is the thousands digit of 1578045?
8
What is the thousands digit of 9213973?
3
What is the tens digit of 899131?
3
What is the thousands digit of 4758086?
8
What is the units digit of 6212925?
5
What is the tens digit of 8549928?
2
What is the units digit of 799647?
7
What is the thousands digit of 1122409?
2
What is the thousands digit of 2665332?
5
What is the units digit of 2846833?
3
What is the hundred thousands digit of 358727?
3
What is the hundred thousands digit of 859598?
8
What is the tens digit of 2183225?
2
What is the ten thousands digit of 1439441?
3
What is the units digit of 4387214?
4
What is the hundred thousands digit of 20681605?
6
What is the ten millions digit of 26500007?
2
What is the thousands digit of 2672546?
2
What is the ten thousands digit of 2940876?
4
What is the tens digit of 617057?
5
What is the ten thousands digit of 83822?
8
What is the units digit of 15398?
8
What is the hundred thousands digit of 1213188?
2
What is the ten thousands digit of 1598043?
9
What is the ten thousands digit of 6652323?
5
What is the hundred thousands digit of 1649651?
6
What is the thousands digit of 612094?
2
What is the millions digit of 3884049?
3
What is the ten thousands digit of 2463623?
6
What is the hundreds digit of 299620?
6
What is the ten thousands digit of 920795?
2
What is the millions digit of 1965739?
1
What is the hundred thousands digit of 413656?
4
What is the hundreds digit of 1180819?
8
What is the thousands digit of 1001747?
1
What is the tens digit of 1387384?
8
What is the hundreds digit of 6082474?
4
What is the ten thousands digit of 1085301?
8
What is the thousands digit of 391201?
1
What is the thousands digit of 9124982?
4
What is the hundreds digit of 6579612?
6
What is the millions digit of 5494940?
5
What is the hundred thousands digit of 1264730?
2
What is the millions digit of 4957747?
4
What is the units digit of 1775088?
8
What is the units digit of 284442?
2
What is the units digit of 51490?
0
What is the ten millions digit of 36928250?
3
What is the ten thousands digit of 1914825?
1
What is the ten thousands digit of 250353?
5
What is the units digit of 16327365?
5
What is the units digit of 22149951?
1
What is the tens digit of 5354620?
2
What is the thousands digit of 6803199?
3
What is the hundred thousands digit of 5472460?
4
What is the thousands digit of 465359?
5
What is the hundreds digit of 673774?
7
What is the hundred thousands digit of 14432176?
4
What is the tens digit of 7463414?
1
What is the thousands digit of 5957962?
7
What is the hundred thousands digit of 1235288?
2
What is the millions digit of 3626324?
3
What is the units digit of 971874?
4
What is the thousands digit of 259322?
9
What is the tens digit of 1614764?
6
What is the millions digit of 1309528?
1
What is the units digit of 1927511?
1
What is the millions digit of 22743770?
2
What is the tens digit of 296969?
6
What is the ten thousands digit of 142081?
4
What is the ten thousands digit of 1798529?
9
What is the units digit of 509940?
0
What is the units digit of 15821158?
8
What is the hundred thousands digit of 280535?
2
What is the millions digit of 3201907?
3
What is the hundreds digit of 479940?
9
What is the tens digit of 4467862?
6
What is the thousands digit of 417565?
7
What is the hundred thousands digit of 14932350?
9
What is the thousands digit of 2637927?
7
What is the hundreds digit of 1084484?
4
What is the ten thousands digit of 471445?
7
What is the hundreds digit of 112984?
9
What is the ten thousands digit of 3305346?
0
What is the thousands digit of 30198?
0
What is the units digit of 1419281?
1
What is the units digit of 1665231?
1
What is the ten thousands digit of 9786578?
8
What is the thousands digit of 173497?
3
What is the units digit of 1350298?
8
What is the ten thousands digit of 1043772?
4
What is the ten thousands digit of 7726813?
2
What is the hundred thousands digit of 698372?
6
What is the ten thousands digit of 108855?
0
What is the units digit of 1027280?
0
What is the hundred thousands digit of 352023?
3
What is the hundred thousands digit of 169904?
1
What is the tens digit of 316411?
1
What is the hundreds digit of 266603?
6
What is the units digit of 3314912?
2
What is the thousands digit of 8039532?
9
What is the hundred thousands digit of 701258?
7
What is the units digit of 249626?
6
What is the hundred thousands digit of 751346?
7
What is the hundred thousands digit of 283745?
2
What is the tens digit of 583079?
7
What is the ten thousands digit of 438949?
3
What is the thousands digit of 6459?
6
What is the hundreds digit of 13481543?
5
What is the thousands digit of 4755561?
5
What is the hundreds digit of 285290?
2
What is the ten thousands digit of 1268703?
6
What is the thousands digit of 285719?
5
What is the ten thousands digit of 12212733?
1
What is the tens digit of 7678416?
1
What is the hundred thousands digit of 1820658?
8
What is the hundreds digit of 3798423?
4
What is the tens digit of 27997051?
5
What is the thousands digit of 8721267?
1
What is the thousands digit of 11510229?
0
What is the tens digit of 118127?
2
What is the thousands digit of 1033969?
3
What is the millions digit of 1705060?
1
What is the thousands digit of 773876?
3
What is the units digit of 173953?
3
What is the millions digit of 2310337?
2
What is the units digit of 3191729?
9
What is the ten thousands digit of 17272?
1
What is the hundred thousands digit of 157340?
1
What is the hundreds digit of 11227649?
6
What is the millions digit of 1593505?
1
What is the hundreds digit of 5853097?
0
What is the ten thousands digit of 432173?
3
What is the units digit of 108230?
0
What is the tens digit of 62694?
9
What is the units digit of 7120280?
0
What is the hundreds digit of 19752746?
7
What is the hundreds digit of 9432605?
6
What is the hundred thousands digit of 573473?
5
What is the ten thousands digit of 52270?
5
What is the tens digit of 423357?
5
What is the ten thousands digit of 353126?
5
What is the thousands digit of 239358?
9
What is the tens digit of 2954885?
8
What is the ten thousands digit of 3599289?
9
What is the units digit of 634623?
3
What is the hundreds digit of 776592?
5
What is the tens digit of 1959452?
5
What is the tens digit of 5976043?
4
What is the thousands digit of 6251124?
1
What is the hundred thousands digit of 184938?
1
What is the hundred thousands digit of 2576523?
5
What is the hundred thousands digit of 2145297?
1
What is the ten thousands digit of 167746?
6
What